(((-28)/120)/7). Suppose 0 = -6*r + 3*r + j. List the prime factors of r.
2, 29
Let x be (-375)/(-45) - (-6)/(-27)*6. Suppose x*k - 12*k + 1385 = 0. List the prime factors of k.
277
Let l = 433 + -427. What are the prime factors of ((-19820)/40)/((-3)/l)?
991
Suppose -2433*f - 17199 = -2446*f. What are the prime factors of f?
3, 7
Suppose 11*l + q - 1002 = 8*l, 5*l - 1666 = -3*q. Suppose l = 6*x - 1447. What are the prime factors of x?
3, 11
Suppose -7*w + 4*w = -2*d + 20, -w = 5*d - 33. Let t be 28062/126 - (-2)/d. Suppose 3*y - t = 17. What are the prime factors of y?
2, 5
Let m(b) be the first derivative of 8*b**3/3 + 11*b**2 + 76*b - 143. List the prime factors of m(-5).
2, 83
Suppose 5*v - 27 - 8 = 0. Suppose 0 = 2*d + v*d - 27. What are the prime factors of (-9)/(-3) + 2 - d - -14?
2
Let o = 1041 + -684. Let f = -250 + o. Suppose f*j - 104*j = 21. List the prime factors of j.
7
Suppose q + 3*i - 16 = 0, 5*q - 4*i - 133 = 4. Let z(v) = 24*v**3. Let s be z(1). Suppose 198 = q*l - s*l. What are the prime factors of l?
2, 3, 11
Let d = 55 - 60. Let l(o) = -o**3 - 6*o**2 - 6*o. Let m be l(d). Suppose 34 = g + g - m*b, -g + b = -23. List the prime factors of g.
3
Let r(n) = -60*n**2 + 16. Let x be r(5). Let u = -994 - x. Let s = -246 + u. What are the prime factors of s?
2, 61
Suppose -13*p + 106060 = -3*p. List the prime factors of p.
2, 5303
Suppose -3*t - 1062 + 221 = -2*d, -2*t - 421 = -d. Suppose d = p + 44. List the prime factors of p.
3, 5
Let a(h) be the second derivative of 13*h**4/12 + h**3/3 - 39*h**2/2 - 179*h. What are the prime factors of a(9)?
2, 3, 43
Suppose -24360 - 2292 = -6*k. What are the prime factors of k?
2, 2221
List the prime factors of ((-88)/14)/(2/(-3101)).
2, 11, 443
Let s(m) = -16*m**3 + 3*m**2 + 15*m - 4. What are the prime factors of s(-5)?
2, 499
Let h be (8/12)/(4/1110). Let k = -71 + h. List the prime factors of (1/(-2))/((-1)/k).
3, 19
What are the prime factors of ((-2)/(-5))/(((-322)/(-5804395))/7)?
17, 2969
Let c = 103 + -95. Suppose 13*j - c*j = -45. Let q(a) = a**3 + 9*a**2 - 14*a - 6. What are the prime factors of q(j)?
2, 3, 5
Suppose -36*b = -40*b + 24. Let q be b*1*(11 - 10). Let u(n) = n**3 - 2*n**2 + 4*n - 31. What are the prime factors of u(q)?
137
Let y(l) = -4*l**2 + 9*l + 3. Let s be y(-3). Let m = s - -81. What are the prime factors of (-139)/(-3) - (-14)/m?
47
Let a(z) = 12*z**3 + 18*z**2 - 350*z + 75. What are the prime factors of a(15)?
3, 5, 7
Let d = 8004 + 2903. What are the prime factors of d?
13, 839
Let b(k) be the third derivative of 59*k**5/60 + 13*k**4/24 + 31*k**3/6 + 146*k**2. List the prime factors of b(-4).
13, 71
Let b be (-1978)/(-4) - (-81)/162. Let v = -3 + 7. Suppose 4*j - y = 389, j - b = -v*j + 3*y. What are the prime factors of j?
2, 3
Let d be -4 + (-1)/(3/(-21)). Suppose d*l + 118 + 23 = 0. Let q = 92 - l. List the prime factors of q.
139
Let u(t) = -8*t - 36. Let a(c) = -c**2 - 2*c. Let n be a(2). List the prime factors of u(n).
2, 7
Suppose -47*z = -42*z - 1850. Suppose -z = 3*r - 8*r. Suppose r = v + v. What are the prime factors of v?
37
Suppose 4*s - 2*h = 2122, 4*s - 2147 = -0*h - 3*h. Let o = s + -288. List the prime factors of o.
5, 7
Let i = -635 - -651. Suppose -i*v = -8*v - 8784. What are the prime factors of v?
2, 3, 61
Let q(b) = -b. Let c(h) = h**2 + 3*h + 5. Let x(n) = c(n) + 4*q(n). Let k(d) = d**2 - 2*d + 4. Let w be k(0). List the prime factors of x(w).
17
Let l = -355 + 420. Suppose -5*k + l*t - 68*t + 2879 = 0, -2*k + 4*t = -1136. List the prime factors of k.
2, 7, 41
Let m be 3 + 1*(-29 + 2). Let y be 32/m + (-21160)/6. What are the prime factors of y/(-68) - (-6)/51?
2, 13
Suppose -3*i - 28 = 4*n, -4*i + 14*n = 10*n + 84. Let o(t) = -6*t - 43. List the prime factors of o(i).
53
Let q(w) = w**2 - w + 1. Let k(g) = 23*g**2 + 11*g - 10. Let n(j) = k(j) - 6*q(j). What are the prime factors of n(-6)?
2, 13, 19
Suppose -522*b - 176 = -526*b. Let t = 167 - b. List the prime factors of t.
3, 41
Let w = 1799 - -1618. List the prime factors of w.
3, 17, 67
Suppose x + 30 + 135 = 0. Let h be 514/(-8) + -3 - (147/28)/(-21). Let n = h - x. What are the prime factors of n?
2, 7
Let q(j) = 7*j - 5. Let a(o) = 4*o - 3. Let w(t) = 5*a(t) - 3*q(t). Let p be w(6). Let m(s) = s**3 + 10*s**2 + 9*s + 2. What are the prime factors of m(p)?
2, 23
Let g(m) = 2770*m**3 - 6*m**2 - 15*m + 20. List the prime factors of g(1).
3, 13, 71
Suppose 7*g + 34 = 69. List the prime factors of 75/(-30)*(-342)/g.
3, 19
Let z(m) be the third derivative of -m**5/20 + m**4/2 - 17*m**3/6 + 4*m**2. Let c(v) be the first derivative of z(v). What are the prime factors of c(-8)?
2, 3, 5
What are the prime factors of 18/3 - ((-4)/10 - (-8980896)/(-510))?
2, 3, 367
Suppose 0 = -34*d + 451542 - 163596. List the prime factors of d.
3, 941
Let h(o) = -9*o**3 - 15*o**2 + 8*o + 5. List the prime factors of h(-6).
1361
Let h(f) = f**3 + 57*f**2 - 7*f - 78. List the prime factors of h(-51).
3, 5, 353
Let f = 40117 - 18557. List the prime factors of f.
2, 5, 7, 11
Let m = 15816 - 11357. What are the prime factors of m?
7, 13
Let q(m) = -7*m**3 - 76*m**2 + 51*m + 3. What are the prime factors of q(-18)?
3, 5, 1019
Let k be -3 - (-5 - 566 - 6). Let g = -314 + k. List the prime factors of g.
2, 5, 13
List the prime factors of (-22)/(-33) - (-1259840)/96.
2, 17, 193
Suppose 0*y + 3*t = -4*y + 40, -2*t + 20 = 2*y. Let d(n) = n + 10*n**2 - n**3 + 6*n - y*n**2 - 9 + 7*n**2. List the prime factors of d(6).
3, 23
Suppose 10*t - 6*t + 8 = 0. Let v be (2 + t)/((-1)/(-1)). Suppose v = -p - 3, -r + 2*r = -2*p. What are the prime factors of r?
2, 3
Let w(f) = 364*f**2 + 48*f + 224. List the prime factors of w(-5).
2, 3, 757
Let g(j) = -j - 4. Let a be g(-7). Suppose 4*c = 3*s - 3 - 11, -a*s = -5*c - 19. What are the prime factors of ((-9)/(-6) + s)/(1/(-106))?
53
Let k(i) = -15*i**2 + 2*i + 34. Let m(t) = 13*t**2 - t - 32. Let b(z) = 6*k(z) + 7*m(z). List the prime factors of b(3).
2
Suppose 12*r = 107 - 35. What are the prime factors of 2/18*4227 - r/9?
7, 67
Suppose -3*i = -s - 5174, 2*s = -i + 2442 - 708. Suppose -8*o - i = -10*o. List the prime factors of o.
863
Suppose -229*o = -217*o - 44676. List the prime factors of o.
3, 17, 73
Suppose -10*x = 1094 + 226. List the prime factors of 72/x - (-2338)/11.
2, 53
Let o(u) = 21*u**2 - 654*u + 85. What are the prime factors of o(53)?
2, 17, 359
Suppose 0*b + 3717 = b - 4*n, 12*n = -b + 3653. What are the prime factors of b?
3701
List the prime factors of 91/((-5096)/(-112))*(-1 + 58579/2).
19, 3083
Suppose -2*w + 38*n = 40*n - 4514, -2*w + 4504 = 4*n. What are the prime factors of w?
2, 3, 13, 29
Suppose 6 = -10*i + 76. Suppose -5715 + 1305 = -i*d. What are the prime factors of d?
2, 3, 5, 7
Let p(a) be the first derivative of -3*a**2/2 - 7*a - 5. Let c(h) = h. Let x(i) = -5*c(i) - p(i). What are the prime factors of x(-4)?
3, 5
Let r = -2661 - -1566. Let o = 1612 + r. What are the prime factors of o?
11, 47
Let g be ((-1)/((-4)/8) - 3)*0. Let c be 779 + (g - (2 + 2)). Suppose -a = 4*i - 0*i - c, 405 = 2*i - 3*a. List the prime factors of i.
3, 5, 13
Suppose o + 3*z - 18 = 0, -4*o - 4*z = -6*o + 26. Let d(w) = 52 + 21*w + o*w - 77. What are the prime factors of d(3)?
83
Let i(p) be the third derivative of -17*p**4/6 + p**3 - 16*p**2. Let y(t) = -t**3 - 4*t**2 - t + 4. Let d be y(-3). List the prime factors of i(d).
2, 71
Let r = -26 + 34. Suppose -745 = -r*i + 319. What are the prime factors of i?
7, 19
What are the prime factors of (4680 - 7)/((-2 - -3)/1)?
4673
Suppose 3*t = 2*i - 40247 - 31972, 0 = -2*i + 4*t + 72218. What are the prime factors of i?
3, 12037
Suppose -2*y + 20504 = -n, 10*n = -18*y + 14*y + 41080. What are the prime factors of y?
5, 7, 293
Let t = 84648 + -15379. List the prime factors of t.
113, 613
Let y = 61775 - 28492. List the prime factors of y.
83, 401
What are the prime factors of 0 - -35376 - (-6 - (0 - (2 - -6)))?
2, 23, 769
Suppose -3*q - 6 = h, 3*h + 5*q - 2*q = 0. Let i(x) = 21 - 7 + 31*x + h - 5. List the prime factors of i(3).
3, 5, 7
Let g(i) = -265*i**2 + 2*i - 7. Let v be g(-3). Let c = -1693 - v. What are the prime factors of c?
3, 5, 47
Suppose 2*f - 2*a = -0*f - 12, -38 = 5*f - a. Let h(v) = -2*v - 12. Let p be h(f). Supp